?
-101100011101110111100
-20022011011 (base 3) to base 13
-445c9
-1161245 (base 11) to base 14
-3a8ca4
Convert -30100230223 (base 4) to base 14.
-5d9483
Convert 4362156 (base 7) to base 13.
15a0a1
What is 508642 (base 9) in base 10?
301601
What is -206500120 (base 7) in base 3?
-212011220022021
-1344065 (base 7) to base 12
-87785
What is 6020304 (base 7) in base 2?
10101101100010111111
What is 1114500 (base 6) in base 16?
ddc4
Convert -10110100001010 (base 2) to base 12.
-680a
-17a9733 (base 11) to base 12
-1035952
Convert 31205131 (base 6) to base 16.
dc7ef
What is -116709 (base 10) in base 12?
-57659
What is -266131530 (base 7) in base 6?
-1412403553
What is -180731 (base 11) in base 6?
-5551540
Convert 114422131 (base 5) to base 4.
2011020023
Convert -10120210020 (base 3) to base 12.
-349b9
What is -2022320122 (base 4) in base 11?
-359434
What is -206262 (base 8) in base 14?
-1b0d4
What is -110221130033 (base 4) in base 14?
-a0c75d
225a0 (base 14) to base 12
40354
What is -2033543 (base 7) in base 14?
-64bca
204342424 (base 5) to base 9
1544168
cc719 (base 14) to base 4
1320323103
What is -101233021123 (base 4) in base 2?
-10001101111001001011011
Convert 17367356 (base 8) to base 7.
46333263
Convert 8344488 (base 9) to base 2.
10001000000011011111111
What is -1f3cda (base 16) in base 2?
-111110011110011011010
What is -628814 (base 9) in base 11?
-235a18
-3e87e2 (base 15) to base 3
-12200012201012
405b6 (base 13) to base 9
185062
What is -102200121110 (base 3) in base 11?
-147953
c766 (base 14) to base 7
202156
What is -8225428 (base 9) in base 5?
-2110333433
Convert 11001002002002 (base 3) to base 12.
876555
Convert 137038 (base 9) to base 12.
40652
-25155303 (base 6) to base 15
-10e8b9
Convert -8148c7 (base 13) to base 11.
-1775954
-1000003222 (base 4) to base 16
-400ea
Convert -8d332c (base 16) to base 14.
-132c48c
What is -a831f (base 16) in base 9?
-1260024
Convert -11002200021110 (base 3) to base 15.
-2d0703
102120030300 (base 4) to base 16
498330
What is 14642645 (base 7) in base 4?
11113022132
111100110110010011110 (base 2) to base 11
1142044
-33131214 (base 5) to base 7
-2302041
Convert -220321110 (base 4) to base 6.
-3331300
What is 23373 (base 14) in base 13?
30055
What is -4010a (base 14) in base 16?
-2590e
Convert 833a15 (base 12) to base 5.
1011401010
What is 28efbc (base 16) in base 8?
12167674
-950b9 (base 15) to base 8
-1633142
1520460 (base 9) to base 3
1120200112000
Convert -1cabb8 (base 14) to base 3.
-1221020221100
What is -204231120 (base 5) in base 12?
-3510ab
-638147 (base 9) to base 7
-3141451
What is -124252 (base 13) in base 12?
-1912b4
What is -9612c (base 14) in base 13?
-c8c84
Convert -67d43c (base 14) to base 11.
-1aa2a12
What is 7b53a5 (base 12) in base 14?
397377
Convert -abd52 (base 16) to base 12.
-29b382
What is 515923 (base 10) in base 4?
1331331103
102120200112 (base 3) to base 15
47818
What is 230000220 (base 4) in base 10?
180264
Convert 1041989 (base 10) to base 11.
651953
Convert -2333230201 (base 4) to base 12.
-31a481
-57737 (base 14) to base 11
-1358a2
45211252 (base 6) to base 2
101001110100001010000
Convert 11111101011010111 (base 2) to base 13.
4709b
17b7d4 (base 14) to base 3
1120121011202
-325a94b (base 12) to base 2
-100100100010010111001011
Convert 1449239 (base 10) to base 5.
332333424
What is 11141311 (base 5) in base 3?
12001121012
What is 5908d3 (base 14) in base 10?
3036617
What is 1181286 (base 13) in base 5?
2342213420
Convert -112525333 (base 6) to base 3.
-10221110112210
Convert 207359 (base 10) to base 13.
734c9
What is -13406526 (base 7) in base 5?
-304333131
What is -1649 (base 10) in base 13?
-99b
Convert 278514 (base 10) to base 11.
180285
What is -139095 (base 10) in base 15?
-2b330
What is -451424 (base 11) in base 8?
-2574622
What is -1100101010110010 (base 2) in base 13?
-1a807
50aab (base 15) to base 5
31134121
What is 7852801 (base 9) in base 13?
b5021c
Convert 1211122 (base 4) to base 14.
2518
6700 (base 15) to base 13
9c1b
Convert -12052b (base 13) to base 6.
-13111253
What is 22121212211102 (base 3) in base 2?
10001011111000110010100
Convert -b141 (base 16) to base 11.
-31102
What is 349743 (base 10) in base 9?
582673
What is -14664 (base 13) in base 9?
-57656
What is -20000210121122 (base 3) in base 14?
-5d5b00
What is 2036400 (base 8) in base 4?
2003310000
3c797 (base 14) to base 5
14242211
1100010111010100101 (base 2) to base 14
a791b
Convert 109aa4 (base 11) to base 16.
2a912
What is 198fd9 (base 16) in base 7?
20145016
Convert 737682 (base 12) to base 7.
21305432
What is 36661134 (base 7) in base 10?
3292188
What is cbb7 (base 13) in base 11?
1a354
Convert -111461125 (base 7) to base 10.
-6788038
What is -1b1042 (base 15) in base 6?
-44141355
What is -20a349 (base 14) in base 9?
-2062038
67541a (base 12) to base 9
3080704
What is 7098198 (base 10) in base 12?
2463906
What is 1802d (base 14) in base 9?
101771
What is 15b628 (base 15) in base 7?
11635115
What is -11086a (base 11) in base 14?
-485a0
What is -3316607 (base 10) in base 8?
-14515577
-13dd161 (base 14) to base 12
-32a8aa9
1110132110 (base 4) to base 13
c1649
What is -202131023 (base 4) in base 3?
-21011121002
Convert -3627123 (base 8) to base 14.
-1bc803
Convert 5144556 (base 8) to base 4.
11030211232
-111112020220 (base 3) to base 8
-1010037
Convert ad868 (base 14) to base 4.
1212321310
-26041 (base 13) to base 10
-70357
What is -406a6a (base 16) in base 12?
-14b7036
What is 137084 (base 14) in base 5?
133004041
Convert 13111212 (base 5) to base 10.
128932
Convert 10301013 (base 5) to base 16.
15651
What is 156ae (base 16) in base 8?
253256
Convert 40946 (base 14) to base 4.
211331202
Convert 165126 (base 12) to base 4.
1131101232
What is 26823 (base 13) in base 15?
16390
What is 211b58 (base 16) in base 2?
1000010001101101011000
-113610500 (base 7) to base 12
-2438a0b
What is -226beb (base 15) in base 13?
-456a76
Convert 12832204 (base 9) to base 4.
120023233132
-3422b4 (base 13) to base 15
-195502
What is 4a13483 (base 11) in base 12?
2b03b63
-1426b (base 12) to base 10
-28019
What is 13113312320 (base 4) in base 3?
10122012012112
525043 (base 8) to base 9
285480
What is -122000121210 (base 3) in base 13?
-b9682
What is 6432655 (base 7) in base 13?
214846
Convert 4534023 (base 6) to base 3.
102200212120
What is 86294 (base 11) in base 6?
2404455
Convert 14013420 (base 5) to base 14.
3991d
-839984 (base 11) to base 7
-14302500
-5023453 (base 6) to base 5
-30033242
Convert 10001010001111110000 (base 2) to base 3.
1001202202110
What is -7436636 (base 8) in base 13?
-5450c4
285741 (base 10) to base 3
112111222000
Convert -dd655 (base 15) to base 7.
-5656550
40213 (base 11) to base 8
162704
What is 1140522 (base 7) in base 12?
6b629
112132222023 (base 4) to base 9
12071286
ce5b08 (base 15) to base 9
20457688
What is 98817 (base 12) in base 4?
301032103
3384732 (base 9) to base 11
1039007
What is 10211110201 (base 3) in base 13?
28444
-5b700 (base 13) to base 9
-275588
65778 (base 11) to base 3
11211220120
Convert -107004 (base 8) to base 4.
-20320010
What is -18a9515 (base 11) in base 15?
-438b89
-90211 (base 10) to base 14
-24c39
Convert 525305 (base 6) to base 11.
2a067
Convert 171013 (base 9) to base 10.
105717
What is -6a9409 (base 11) in base 9?
-2104418
What is 37202567 (base 8) in base 3?
120102021020020
What is -619756 (base 10) in base 14?
-121c04
Convert -303162 (base 14) to base 10.
-1621986
4120574 (base 9) to base 11
1271772
-2912838 (base 11) to base 15
-68ea98
Convert -10124013 (base 5) to base 15.
-198dd
What is -321230103121 (base 4) in base 16?
-e6c4d9
Convert 30977 (base 15) to base 5.
14412022
Convert 33112 (base 16) to base 5.
23143140
-223330323 (base 6) to base 16
-3e5a8b
Convert -1001110110001001101010 (base 2) to base 12.
-a45836
Convert 31021200 (base 5) to base 6.
5220001
Convert -24021010 (base 6) to base 3.
-1102001212020
Convert 1037532 (base 8) to base 13.
99916
What is -1971298 (base 15) in base 3?
-1021222010112222
19175 (base 11) to base 9
40713
What is -5934b (base 12) in base 3?
-20002020012
-41405322 (base 6) to base 3
-2020220022112
Convert 1331a9 (base 11) to base 16.
33137
-11451306 (base 7) to base 9
-1825386
Convert 12155330 (base 7) to base 10.
1089536
80403